{"id":90,"date":"2015-08-24T12:47:26","date_gmt":"2015-08-24T10:47:26","guid":{"rendered":"http:\/\/www.sellingergasse7.at\/wordpress\/?page_id=90"},"modified":"2025-07-18T08:42:16","modified_gmt":"2025-07-18T06:42:16","slug":"startseite","status":"publish","type":"page","link":"https:\/\/www.sellingergasse7.at\/","title":{"rendered":"Startseite"},"content":{"rendered":"<h3>Willkommen in der<\/h3>\n<p><span style=\"color: #ff6600;\"><a href=\"http:\/\/www.sellingergasse7.at\/wordpress\/wp-content\/uploads\/2015\/08\/hausschild_sellingergasse.jpg\"><img loading=\"lazy\" decoding=\"async\" class=\"alignnone size-full wp-image-93\" src=\"http:\/\/www.sellingergasse7.at\/wp-content\/uploads\/2015\/08\/hausschild_sellingergasse.jpg\" alt=\"\" width=\"260\" height=\"161\" \/><\/a><\/span><\/p>\n<p>Am 25. August 2006 haben wir, die Mieter der Sellingergasse 7, das einj\u00e4hrige Bestehen unserer Wohnhausanlage gefeiert. Es war eine Idee von Alfi von 2\/5, ganz spontan kam ihm auf einmal der Gedanke, ein Fest zu feiern. Das kam nicht von ungef\u00e4hr- innerhalb eines Jahres haben sich unter den Mietern so manche Bekanntschaften, wenn nicht Freundschaften entwickelt, die ich selbst zum Beispiel in meiner vorherigen Wohnhausanlage doch vermisst habe. Und um eben das Kennenlernen einmal in einem sch\u00f6nen Rahmen noch zu vertiefen, oder, um einmal mit Nachbarn, die man noch nicht kennt, ein wenig zu plaudern, war dieses Sommerfest gerade richtig.<\/p>\n<p>W\u00e4hrend der Feier, die eine oder andere Flasche vergorenen Traubensaftes war schon geleert, kam, wieder einmal, no na net, von Alfi der Gedanke, dass wir doch f\u00fcr uns eine eigene Webseite machen k\u00f6nnten, mit interessanten Informationen f\u00fcr uns, Bildern unserer Feier und eventueller n\u00e4chster Feiern, und noch vielem mehr.<\/p>\n<p>Als mir Alfi w\u00e4hrend des Festes von der Idee erz\u00e4hlte, war ich nat\u00fcrlich sofort begeistert, noch am darauffolgenden Tag habe ich mich zum Computer gesetzt, ein wengerl hin- und her probiert, ein paar mal mit Alfi das eine oder andere besprochen&#8230;.und das Ergebnis ist nun diese, wie ich meine, doch recht schmucke kleine Ineternetpr\u00e4senz, die nur darauf wartet, von vielen besucht zu werden, gelesen zu werden, einen Eintrag ins G\u00e4stebuch zu erhalten, einige gute Linktipps zu bekommen, und vieles mehr.<\/p>\n<p>In diesem Sinne w\u00fcnsche ich allen Besuchern viel Spa\u00df beim durchst\u00f6bern der Seiten, schaut wieder mal vorbei, wir bem\u00fchen uns, dass doch immer wieder was Neues dabei ist. Und solltet Ihr die eine oder andere Anregung haben oder eine Linkempfehlung, dann schreibt doch einfach eine kurze Nachricht, wir freuen uns auf Euer Interesse!<\/p>\n<p>Andreas, 2\/1<\/p>\n","protected":false},"excerpt":{"rendered":"<p>Willkommen in der Am 25. August 2006 haben wir, die Mieter der Sellingergasse 7, das einj\u00e4hrige Bestehen unserer Wohnhausanlage gefeiert. Es war eine Idee von Alfi von 2\/5, ganz spontan kam ihm auf einmal der Gedanke, ein Fest zu feiern. Das kam nicht von ungef\u00e4hr- innerhalb eines Jahres haben sich unter den Mietern so manche [&hellip;]<\/p>\n","protected":false},"author":1,"featured_media":0,"parent":0,"menu_order":0,"comment_status":"closed","ping_status":"closed","template":"","meta":{"footnotes":""},"class_list":["post-90","page","type-page","status-publish","czr-hentry"],"_links":{"self":[{"href":"https:\/\/www.sellingergasse7.at\/index.php?rest_route=\/wp\/v2\/pages\/90","targetHints":{"allow":["GET"]}}],"collection":[{"href":"https:\/\/www.sellingergasse7.at\/index.php?rest_route=\/wp\/v2\/pages"}],"about":[{"href":"https:\/\/www.sellingergasse7.at\/index.php?rest_route=\/wp\/v2\/types\/page"}],"author":[{"embeddable":true,"href":"https:\/\/www.sellingergasse7.at\/index.php?rest_route=\/wp\/v2\/users\/1"}],"replies":[{"embeddable":true,"href":"https:\/\/www.sellingergasse7.at\/index.php?rest_route=%2Fwp%2Fv2%2Fcomments&post=90"}],"version-history":[{"count":6,"href":"https:\/\/www.sellingergasse7.at\/index.php?rest_route=\/wp\/v2\/pages\/90\/revisions"}],"predecessor-version":[{"id":1692,"href":"https:\/\/www.sellingergasse7.at\/index.php?rest_route=\/wp\/v2\/pages\/90\/revisions\/1692"}],"wp:attachment":[{"href":"https:\/\/www.sellingergasse7.at\/index.php?rest_route=%2Fwp%2Fv2%2Fmedia&parent=90"}],"curies":[{"name":"wp","href":"https:\/\/api.w.org\/{rel}","templated":true}]}}

<h3>Willkommen in der</h3>
<p><span style="color: #ff6600;"><a href="http://www.sellingergasse7.at/wordpress/wp-content/uploads/2015/08/hausschild_sellingergasse.jpg"><img loading="lazy" decoding="async" class="alignnone size-full wp-image-93" src="http://www.sellingergasse7.at/wp-content/uploads/2015/08/hausschild_sellingergasse.jpg" alt="" width="260" height="161" /></a></span></p>
<p>Am 25. August 2006 haben wir, die Mieter der Sellingergasse 7, das einjährige Bestehen unserer Wohnhausanlage gefeiert. Es war eine Idee von Alfi von 2/5, ganz spontan kam ihm auf einmal der Gedanke, ein Fest zu feiern. Das kam nicht von ungefähr- innerhalb eines Jahres haben sich unter den Mietern so manche Bekanntschaften, wenn nicht Freundschaften entwickelt, die ich selbst zum Beispiel in meiner vorherigen Wohnhausanlage doch vermisst habe. Und um eben das Kennenlernen einmal in einem schönen Rahmen noch zu vertiefen, oder, um einmal mit Nachbarn, die man noch nicht kennt, ein wenig zu plaudern, war dieses Sommerfest gerade richtig.</p>
<p>Während der Feier, die eine oder andere Flasche vergorenen Traubensaftes war schon geleert, kam, wieder einmal, no na net, von Alfi der Gedanke, dass wir doch für uns eine eigene Webseite machen könnten, mit interessanten Informationen für uns, Bildern unserer Feier und eventueller nächster Feiern, und noch vielem mehr.</p>
<p>Als mir Alfi während des Festes von der Idee erzählte, war ich natürlich sofort begeistert, noch am darauffolgenden Tag habe ich mich zum Computer gesetzt, ein wengerl hin- und her probiert, ein paar mal mit Alfi das eine oder andere besprochen&#8230;.und das Ergebnis ist nun diese, wie ich meine, doch recht schmucke kleine Ineternetpräsenz, die nur darauf wartet, von vielen besucht zu werden, gelesen zu werden, einen Eintrag ins Gästebuch zu erhalten, einige gute Linktipps zu bekommen, und vieles mehr.</p>
<p>In diesem Sinne wünsche ich allen Besuchern viel Spaß beim durchstöbern der Seiten, schaut wieder mal vorbei, wir bemühen uns, dass doch immer wieder was Neues dabei ist. Und solltet Ihr die eine oder andere Anregung haben oder eine Linkempfehlung, dann schreibt doch einfach eine kurze Nachricht, wir freuen uns auf Euer Interesse!</p>
<p>Andreas, 2/1</p>

<p>Willkommen in der Am 25. August 2006 haben wir, die Mieter der Sellingergasse 7, das einjährige Bestehen unserer Wohnhausanlage gefeiert. Es war eine Idee von Alfi von 2/5, ganz spontan kam ihm auf einmal der Gedanke, ein Fest zu feiern. Das kam nicht von ungefähr- innerhalb eines Jahres haben sich unter den Mietern so manche [&hellip;]</p>
